Let k(n) = n + 2. Let u be k(8). Let z = 22 - u. What is the tens digit of z?
1
Suppose 0 = 4*m - 20, -k - 13 = -3*k - m. Suppose 3*p = -k*o + 58, -o + 9 = -2*p - 0*p. What is the tens digit of o?
1
Let u = 79 - 16. Suppose 3*j - 68 = 2*r, -2*j + u = j + 3*r. What is the tens digit of j?
2
Let y = 1 - 7. Let i = y + 11. What is the units digit of i?
5
Suppose -565 = -3*j + 2*c, -10*j + 5*j + 5*c + 945 = 0. What is the tens digit of j?
8
What is the units digit of ((-14)/8)/((-13)/52)?
7
Suppose 4*g + 44 + 24 = 0. Suppose 8*v + 36 = 4*v. Let b = v - g. What is the units digit of b?
8
Let n = -230 - -384. What is the hundreds digit of n?
1
What is the hundreds digit of ((-1)/2)/(9/(-5616))?
3
Let o(d) = -d**3 + 10*d**2 - 13*d + 4. Let w be o(9). Let m = -14 - w. What is the units digit of m?
8
Let b(l) = l**2 - 8*l + 11. Let w be (-2 + 1 - -21) + -2. Let z = w + -9. What is the tens digit of b(z)?
2
Let n(d) = 5*d**3 + 10*d**2 - 6*d + 6. Let t(f) = -6*f**2 + 0 - 1 + f**2 + 3*f - 2 - 3*f**3. Let b(w) = 4*n(w) + 7*t(w). What is the units digit of b(4)?
7
Let h(z) = 2*z**2 - 25*z + 42. What is the units digit of h(11)?
9
Let x be 6 - (3 + (-3)/3). Suppose 2*y + 64 = -x*o, -5*o + 4*y = -y + 80. What is the units digit of 12/8*o/(-3)?
8
Suppose 4*c = 5*c. Suppose -3*h + 0*h + 27 = c. Let g = h + -5. What is the units digit of g?
4
Let m = 39 + -3. What is the units digit of m?
6
Let x be ((-24)/(-20))/((-6)/(-20)). Suppose -4*o = -t + 5*t, x*o - t = 25. Suppose -w - 28 = -o*w. What is the units digit of w?
7
Let t = 105 - 51. Suppose -w = y - 22, -w + t = 2*y - 4*w. What is the units digit of y?
4
Let u(c) = -c**3 + c**2 + 44. What is the units digit of u(0)?
4
Let j = -7 + 10. Suppose j*r + 3 = -0*s + 3*s, 5*r = 0. Suppose -o - s = -3. What is the units digit of o?
2
Suppose 0 = -4*p - 2*t + 556, 3*p + 5*t - 232 = 199. What is the units digit of p?
7
Let l = 2 + 1. Suppose 2*o - 13 = -x - 0*x, -5*x + l*o + 52 = 0. What is the units digit of x?
1
Suppose -63 = -3*k - 0. What is the units digit of k?
1
Let a(z) = -3*z - 2. Suppose -5*x - 74 = -14. Let h be a(x). Suppose -2*l - 38 = -3*r + 2*l, -h = -4*r + 2*l. What is the units digit of r?
6
Suppose -4*c - 4 = -3*c. Let q be c/6 - 32/(-3). What is the units digit of (2/3)/(q/105)?
7
Let u(a) = -43*a + 2. What is the tens digit of u(-1)?
4
Suppose 97 = -0*o + 3*o + h, -4*o + 3*h = -112. What is the tens digit of o?
3
Let d be -12 + 4/(4/3). What is the units digit of (-192)/d + (-4)/(-6)?
2
Suppose 298 + 137 = 5*b. Let j = b - 56. What is the units digit of j?
1
Suppose 6*m - m - 3*u = -12, -4*m - 12 = -3*u. Suppose 5*t + m*t = -15. What is the tens digit of 12 + (2 + t)*1?
1
Let z(q) = 12*q**2. Let f be z(1). Suppose -3*j + 4*y = 16, 0*y = 2*j + 2*y - 8. Suppose -4*g - 1 = o, j*g + 3*g = -f. What is the tens digit of o?
1
Suppose 5*m = -4*g + 15, -2*m + 3 = 7*g - 6*g. What is the tens digit of 3/m - (0 + -26)?
2
Suppose 5*q - 104 - 771 = 0. What is the units digit of q?
5
Suppose 2*p + 90 = 5*p. What is the tens digit of p?
3
Let r be 4/(-12) + 1220/(-12). What is the tens digit of (r/30)/(1/(-5))?
1
Suppose 0 = 4*a + 7 + 5. Let d = 9 + a. What is the units digit of d?
6
Let k(l) = 0*l**3 + 2*l**3 - 3*l**3 - 3*l**2 + 4. Let m be k(-3). Suppose m*f - 19 = 1. What is the units digit of f?
5
Suppose -16 = -4*h, 6*f + 221 = 7*f + 5*h. What is the tens digit of f?
0
Let x = 7 + 34. What is the tens digit of x?
4
Suppose u - 3 = -11. Let i be (5 + 0)*u/(-20). Suppose -2*z - z + 4*n = -46, -z + 4*n + i = 0. What is the units digit of z?
2
Let j be 1 + -3 - -1*4. Suppose j*t + 2*z - 76 = 0, 50 = -0*t + t - 5*z. What is the tens digit of t?
4
Let p = -25 - -36. Suppose p + 11 = 2*v. What is the units digit of v?
1
What is the units digit of (-3 - 14/2)*-2?
0
Let m(i) = -i**2 - 7*i - 1. Let x be m(-6). Let d(n) = 2*n**2 - 5 + n**2 - x*n - 2*n**2. What is the units digit of d(7)?
9
Let c = 3 - 3. What is the units digit of 9 + c + 2 - -2?
3
What is the hundreds digit of (27/2)/(-9)*-266?
3
Let n(u) = -u**3 + 4*u**2 + 2. Let t be n(4). Suppose 3*s = t*s + 2. What is the units digit of s?
2
Let k(m) = -1 + 1 - m**3 - 9*m - 8*m**2 - 3 - 1. Let l be k(-7). What is the units digit of (-20)/(-3) + l/(-15)?
6
Suppose -t = -5*q + 1, -4 + 19 = 3*q + 3*t. Let z(k) = 23*k. What is the tens digit of z(q)?
2
Suppose -7*p + 2*p + 30 = 0. Suppose g - p = -2*g. Suppose 5 = g*s - s. What is the units digit of s?
5
What is the units digit of (-8 + 4 + 5)*53?
3
Suppose 4*d - 35 = 2*k - 5, -d + k = -9. Suppose 0*o - d = -3*o. What is the units digit of o?
2
Let b be 3 + (3 - 2/(-2)). Suppose -b*c = -3*c - 44. What is the units digit of c?
1
Suppose -20*v = -5*v - 3915. What is the tens digit of v?
6
Suppose 0 = 2*w - 4*b - 26, -w - 3*w - 2*b = -12. Suppose -5*v + 3*v + 64 = 0. Suppose k + 0*k - w*y = 29, 0 = 3*k - 4*y - v. What is the units digit of k?
4
Suppose -m = 5*c + 19, -3*m + 2*c + 28 = -0*m. Let k = 10 - m. Let t = k - 1. What is the units digit of t?
3
Let m(r) = -r**2 - 6*r - 2. Let t be m(-7). Let c = -7 - t. Suppose 5 = -k, 6*k + 17 = c*f + 3*k. What is the units digit of f?
1
What is the units digit of (124/(-6))/((-4)/6)?
1
Suppose 0 = -4*f + 4, 5*l + 0*f - 290 = 5*f. What is the tens digit of l?
5
Suppose l = -0*l + 11. Let d(u) be the first derivative of u**4/4 - 10*u**3/3 - 5*u**2 - 6*u + 8. What is the units digit of d(l)?
5
Suppose 5*a - 309 = -4*q, -179 = -3*a - q + 5*q. What is the units digit of a?
1
Let a = 171 - 17. What is the hundreds digit of a?
1
Suppose -96 = -3*q - 0*q. What is the tens digit of q?
3
Suppose -3*g + 2*g + 3 = 0. Let p = 0 - g. Let j(i) = -3*i - 4. What is the units digit of j(p)?
5
Let x(w) = 5*w - 5. Let n be x(8). What is the units digit of 1*n*8/20?
4
Let l = 12 - -91. What is the units digit of l?
3
Let n(i) = -i**3 - 11*i**2 + 7*i - 17. What is the tens digit of n(-12)?
4
Suppose -1 = -3*q + 158. What is the tens digit of q?
5
What is the hundreds digit of (-7)/((-21)/(-6)) - (3 + -242)?
2
Suppose 5*u + 88 = u. Let v be 2/(-5) + u/(-5). Suppose v*k = -k + 25. What is the units digit of k?
5
Let y(c) = 4*c**2 + c. Let r be y(-1). Let i(j) = j**3 - 2*j**2 + 2*j + 2. What is the tens digit of i(r)?
1
Suppose -5*k - 2*q = -q - 185, 4*q = k - 16. What is the units digit of k?
6
Let a(o) = 3*o - 8*o + o**3 - 5 - 5*o + 6*o**2. What is the units digit of a(-7)?
6
Let o(q) = 2*q + 1. Let t = 15 - 11. What is the units digit of o(t)?
9
What is the hundreds digit of ((-1240)/(-50))/((-1)/(-10))?
2
Suppose 184 = -9*t + 17*t. What is the tens digit of t?
2
What is the units digit of ((8 - 4) + 48)*2?
4
Let v be 1596*(-4 - (-27)/6). What is the tens digit of v/24 + (-3)/12?
3
Suppose 0 = 5*j - 15, 0 = -3*o + 2*j - 1 - 2. What is the units digit of (-42)/(-15) - o/(-5)?
3
Suppose q - 10 = 2. Let d be q + (-3)/(4 - 1). What is the units digit of -3 + 3 + d*1?
1
Suppose -3*t - t = -16. Suppose -2*y = 2*f - f + t, 2*f - 2*y - 22 = 0. What is the units digit of 113/f + (-1)/(-6)?
9
Let w(j) = -j**2 - 16*j + 16. What is the units digit of w(-14)?
4
Suppose -488 = -4*h - 3*n + 7*n, 2*h = -5*n + 209. Let q = -83 + h. What is the units digit of q?
4
Let j = -10 - -13. Suppose -j = 2*k - 5. What is the units digit of k?
1
Suppose f = 1 + 5. Let b = f - 3. What is the units digit of b?
3
Suppose -690 = -12*i + 162. What is the tens digit of i?
7
Suppose 5 = -4*n + 3*n. Let l = n + 13. What is the units digit of l?
8
What is the units digit of 2*(39 - (4 + -3))?
6
Let p(h) = 3*h + 10 + 3*h**3 + 8*h**2 + 2*h - 2*h**3. What is the tens digit of p(-7)?
2
Let c be 1/1 + (2 - 6). Let m be (-14)/6 - 1/c. Let b = m + 3. What is the units digit of b?
1
Let t be ((-72)/(-40))/(3/10). Suppose 14 = 2*h - t. What is the tens digit of h?
1
Let x(b) = 9*b + 4. Let r(y) = -y. Let z(u) = r(u) + x(u). What is the units digit of z(4)?
6
Suppose 4*c - 10 - 18 = -5*g, -5*g - c = -22. Suppose g*d = 3*d + 5. What is the units digit of d?
5
Let h = -22 + 61. What is the units digit of h?
9
Let t(i) = 5*i**2 + 2*i - 4. What is the units digit of t(2)?
0
Let k be (-2)/10 + 153/15. Let i be 2/(-2 - k/(-4)). Suppose -3*w + i = w. What is the units digit of w?
1
Suppose h - 5*h + 152 = 0. What is the units digit of h?
8
Suppose 